{"id":196,"date":"2021-12-15T18:00:06","date_gmt":"2021-12-15T17:00:06","guid":{"rendered":"https:\/\/acbiodling.se\/skelleftea\/?page_id=196"},"modified":"2021-12-15T18:00:06","modified_gmt":"2021-12-15T17:00:06","slug":"styrelsemote-2021-11-23","status":"publish","type":"page","link":"https:\/\/acbiodling.se\/skelleftea\/styrelsemote-2021-11-23\/","title":{"rendered":"Styrelsem\u00f6te 2021-11-23"},"content":{"rendered":"\n<p><strong>Minnesanteckningar fr\u00e5n styrelsem\u00f6te 1 2022\u00a0\u00a0\u00a0\u00a0\u00a0\u00a0\u00a0\u00a0\u00a0\u00a0\u00a0\u00a0\u00a0\u00a0\u00a0\u00a0\u00a0\u00a0 <\/strong>\u00a023\/11 2021 kl 19.00 hos Britta<\/p>\n\n\n\n<p>N\u00e4rvarande: Kent Sid\u00e9n, Anders Saadio och Britta Burstr\u00f6m<\/p>\n\n\n\n<p>\u00a71&nbsp;&nbsp;&nbsp;&nbsp;&nbsp;&nbsp;&nbsp;&nbsp;&nbsp;&nbsp;&nbsp;&nbsp;&nbsp;&nbsp;&nbsp;&nbsp;&nbsp; Ordf\u00f6rande \u00f6ppnande m\u00f6tet<\/p>\n\n\n\n<p>\u00a72&nbsp;&nbsp;&nbsp;&nbsp;&nbsp;&nbsp;&nbsp;&nbsp;&nbsp;&nbsp;&nbsp;&nbsp;&nbsp;&nbsp;&nbsp;&nbsp;&nbsp; Dagordningen godk\u00e4ndes<\/p>\n\n\n\n<p>\u00a73&nbsp;&nbsp;&nbsp;&nbsp;&nbsp;&nbsp;&nbsp;&nbsp;&nbsp;&nbsp;&nbsp;&nbsp;&nbsp;&nbsp;&nbsp;&nbsp;&nbsp; \u00c5rsm\u00f6tesprotokollet l\u00e4stes upp<\/p>\n\n\n\n<p>\u00a74&nbsp;&nbsp;&nbsp;&nbsp;&nbsp;&nbsp;&nbsp;&nbsp;&nbsp;&nbsp;&nbsp;&nbsp;&nbsp;&nbsp;&nbsp;&nbsp;&nbsp; <strong>Verksamhetsplanen<\/strong> f\u00f6r 2022 diskuterades<\/p>\n\n\n\n<p>Britta har pratat med Lena V\u00e5glund som arbetar p\u00e5 Studief\u00f6rbundet\u00a0 Vuxenskolan. Praktiska temakv\u00e4llar t ex salvor, vaxbearbetning, smaks\u00e4ttning av honung, granskottshonung skulle vi kunna ha tillsammans i Vuxenskolans \u00a0\u00a0\u00a0\u00a0\u00a0\u00a0 lokaler i m\u00e5nadsskiftet januari \u2013 februari. Begr\u00e4nsat antal deltagare, 8-10 \u00a0 personer. Inbjudning med tid och anm\u00e4lningsf\u00f6rfarande skickas ut med mail.<\/p>\n\n\n\n<p>Vi planerar en f\u00f6rel\u00e4sning med middag i mars, vi kollar om vi kan bjuda in en\u00a0\u00a0\u00a0\u00a0\u00a0 \u00a0\u00a0\u00a0\u00a0\u00a0\u00a0\u00a0\u00a0\u00a0\u00a0\u00a0\u00a0\u00a0\u00a0\u00a0\u00a0\u00a0\u00a0\u00a0\u00a0\u00a0 f\u00f6redragsh\u00e5llare. F\u00f6rslag p\u00e5 \u00e4mne och f\u00f6rel\u00e4sare mottages tacksamt. Ev. Tema\u00a0\u201dDrottningodling\u201d<\/p>\n\n\n\n<p>V\u00e5rtr\u00e4ffen b\u00f6r h\u00e5llas i senare delen av maj. Vi unders\u00f6ker om Hans och Ulla L\u00f6fgren fr\u00e5n St\u00f6cksj\u00f6 kan komma d\u00e5.<\/p>\n\n\n\n<p>Studiebes\u00f6k till Finland under sommaren. Arja f\u00e5r i uppdrag att unders\u00f6ka m\u00f6jligt bes\u00f6ksm\u00e5l.<\/p>\n\n\n\n<p>H\u00f6sttr\u00e4ffen \u00e5terkommer vi med. Ett f\u00f6rslag \u00e4r att intresserade kan tr\u00e4ffas f\u00f6r att g\u00f6ra mj\u00f6d.<\/p>\n\n\n\n<p>\u00c5rsm\u00f6tet kommer att h\u00e5llas som vanligt i b\u00f6rjan av november.<\/p>\n\n\n\n<p>\u00a75\u00a0\u00a0\u00a0\u00a0\u00a0\u00a0\u00a0\u00a0\u00a0\u00a0\u00a0\u00a0\u00a0\u00a0\u00a0\u00a0\u00a0 Ekonomirapporten granskades och ser bra ut nu n\u00e4r vi minskat p\u00e5 lokalkostnaderna. \u00a0<\/p>\n\n\n\n<p>\u00a76\u00a0\u00a0\u00a0\u00a0\u00a0\u00a0\u00a0\u00a0\u00a0\u00a0\u00a0\u00a0\u00a0\u00a0\u00a0\u00a0\u00a0 Under \u00f6vriga fr\u00e5gor tog vi upp f\u00f6rslaget fr\u00e5n \u00e5rsm\u00f6tet om att uppr\u00e4tta en varroaplan. Anders Saadio ska ta kontakt med Lars-Olov Lindgren i fr\u00e5gan. Anders ska ocks\u00e5 kolla om det \u00e4r m\u00f6jligt att nyttja ett bokningsprogram f\u00f6r \u00a0\u00a0\u00a0\u00a0\u00a0\u00a0 slungrummet.\u00a0\u00a0\u00a0\u00a0\u00a0\u00a0\u00a0\u00a0\u00a0\u00a0\u00a0\u00a0\u00a0\u00a0\u00a0\u00a0\u00a0\u00a0\u00a0\u00a0\u00a0<\/p>\n\n\n\n<p>\u00a77&nbsp;&nbsp;&nbsp;&nbsp;&nbsp;&nbsp;&nbsp;&nbsp;&nbsp;&nbsp;&nbsp;&nbsp;&nbsp;&nbsp;&nbsp;&nbsp;&nbsp; Ordf\u00f6rande avslutade m\u00f6tet.<\/p>\n","protected":false},"excerpt":{"rendered":"<p>Minnesanteckningar fr\u00e5n styrelsem\u00f6te 1 2022\u00a0\u00a0\u00a0\u00a0\u00a0\u00a0\u00a0\u00a0\u00a0\u00a0\u00a0\u00a0\u00a0\u00a0\u00a0\u00a0\u00a0\u00a0 \u00a023\/11 2021 kl 19.00 hos Britta N\u00e4rvarande: Kent Sid\u00e9n, Anders Saadio och Britta Burstr\u00f6m \u00a71&nbsp;&nbsp;&nbsp;&nbsp;&nbsp;&nbsp;&nbsp;&nbsp;&nbsp;&nbsp;&nbsp;&nbsp;&nbsp;&nbsp;&nbsp;&nbsp;&nbsp; Ordf\u00f6rande \u00f6ppnande m\u00f6tet \u00a72&nbsp;&nbsp;&nbsp;&nbsp;&nbsp;&nbsp;&nbsp;&nbsp;&nbsp;&nbsp;&nbsp;&nbsp;&nbsp;&nbsp;&nbsp;&nbsp;&nbsp; Dagordningen godk\u00e4ndes \u00a73&nbsp;&nbsp;&nbsp;&nbsp;&nbsp;&nbsp;&nbsp;&nbsp;&nbsp;&nbsp;&nbsp;&nbsp;&nbsp;&nbsp;&nbsp;&nbsp;&nbsp; \u00c5rsm\u00f6tesprotokollet l\u00e4stes upp \u00a74&nbsp;&nbsp;&nbsp;&nbsp;&nbsp;&nbsp;&nbsp;&nbsp;&nbsp;&nbsp;&nbsp;&nbsp;&nbsp;&nbsp;&nbsp;&nbsp;&nbsp; Verksamhetsplanen f\u00f6r 2022 diskuterades Britta har pratat med Lena &hellip; <a href=\"https:\/\/acbiodling.se\/skelleftea\/styrelsemote-2021-11-23\/\">Forts\u00e4tt l\u00e4sa <span class=\"meta-nav\">&rarr;<\/span><\/a><\/p>\n","protected":false},"author":4,"featured_media":0,"parent":0,"menu_order":0,"comment_status":"closed","ping_status":"closed","template":"","meta":{"_bbp_topic_count":0,"_bbp_reply_count":0,"_bbp_total_topic_count":0,"_bbp_total_reply_count":0,"_bbp_voice_count":0,"_bbp_anonymous_reply_count":0,"_bbp_topic_count_hidden":0,"_bbp_reply_count_hidden":0,"_bbp_forum_subforum_count":0,"footnotes":""},"class_list":["post-196","page","type-page","status-publish","hentry"],"_links":{"self":[{"href":"https:\/\/acbiodling.se\/skelleftea\/wp-json\/wp\/v2\/pages\/196","targetHints":{"allow":["GET"]}}],"collection":[{"href":"https:\/\/acbiodling.se\/skelleftea\/wp-json\/wp\/v2\/pages"}],"about":[{"href":"https:\/\/acbiodling.se\/skelleftea\/wp-json\/wp\/v2\/types\/page"}],"author":[{"embeddable":true,"href":"https:\/\/acbiodling.se\/skelleftea\/wp-json\/wp\/v2\/users\/4"}],"replies":[{"embeddable":true,"href":"https:\/\/acbiodling.se\/skelleftea\/wp-json\/wp\/v2\/comments?post=196"}],"version-history":[{"count":1,"href":"https:\/\/acbiodling.se\/skelleftea\/wp-json\/wp\/v2\/pages\/196\/revisions"}],"predecessor-version":[{"id":197,"href":"https:\/\/acbiodling.se\/skelleftea\/wp-json\/wp\/v2\/pages\/196\/revisions\/197"}],"wp:attachment":[{"href":"https:\/\/acbiodling.se\/skelleftea\/wp-json\/wp\/v2\/media?parent=196"}],"curies":[{"name":"wp","href":"https:\/\/api.w.org\/{rel}","templated":true}]}}