{"id":44,"date":"2021-06-14T20:07:00","date_gmt":"2021-06-14T18:07:00","guid":{"rendered":"https:\/\/acbiodling.se\/skelleftea\/?page_id=44"},"modified":"2021-12-15T18:01:27","modified_gmt":"2021-12-15T17:01:27","slug":"styrelsemotesprotokoll","status":"publish","type":"page","link":"https:\/\/acbiodling.se\/skelleftea\/styrelsemotesprotokoll\/","title":{"rendered":"Styrelsem\u00f6ten"},"content":{"rendered":"\n<ul class=\"wp-block-list\"><li><a href=\"https:\/\/acbiodling.se\/skelleftea\/styrelsemotesprotokoll\/motesprotokoll-2021-02-23\/\" data-type=\"page\" data-id=\"69\">Styrelsem\u00f6te 2021-02-23<\/a><\/li><li><a href=\"https:\/\/acbiodling.se\/skelleftea\/styrelsemotesprotokoll\/motesprotokoll-2021-04-20\/\" data-type=\"page\" data-id=\"71\">Styrelsem\u00f6te 2021-04-20<\/a><\/li><li><a href=\"https:\/\/acbiodling.se\/skelleftea\/styrelsemotesprotokoll\/styrelsemote-2021-05-25\/\" data-type=\"page\" data-id=\"101\">Styrelsem\u00f6te 2021-05-25<\/a><\/li><li><a href=\"https:\/\/acbiodling.se\/skelleftea\/styrelsemote-2021-11-23-konstituerande\/\" data-type=\"page\" data-id=\"193\">Styrelsem\u00f6te 2021-11-23 Konstituerande<\/a><\/li><li><a href=\"https:\/\/acbiodling.se\/skelleftea\/styrelsemote-2021-11-23\/\" data-type=\"page\" data-id=\"196\">Styrelsem\u00f6te 2021-11-23<\/a><\/li><\/ul>\n\n\n\n<p><\/p>\n","protected":false},"excerpt":{"rendered":"<p>Styrelsem\u00f6te 2021-02-23 Styrelsem\u00f6te 2021-04-20 Styrelsem\u00f6te 2021-05-25 Styrelsem\u00f6te 2021-11-23 Konstituerande Styrelsem\u00f6te 2021-11-23<\/p>\n","protected":false},"author":4,"featured_media":0,"parent":0,"menu_order":0,"comment_status":"closed","ping_status":"closed","template":"","meta":{"_bbp_topic_count":0,"_bbp_reply_count":0,"_bbp_total_topic_count":0,"_bbp_total_reply_count":0,"_bbp_voice_count":0,"_bbp_anonymous_reply_count":0,"_bbp_topic_count_hidden":0,"_bbp_reply_count_hidden":0,"_bbp_forum_subforum_count":0,"footnotes":""},"class_list":["post-44","page","type-page","status-publish","hentry"],"_links":{"self":[{"href":"https:\/\/acbiodling.se\/skelleftea\/wp-json\/wp\/v2\/pages\/44","targetHints":{"allow":["GET"]}}],"collection":[{"href":"https:\/\/acbiodling.se\/skelleftea\/wp-json\/wp\/v2\/pages"}],"about":[{"href":"https:\/\/acbiodling.se\/skelleftea\/wp-json\/wp\/v2\/types\/page"}],"author":[{"embeddable":true,"href":"https:\/\/acbiodling.se\/skelleftea\/wp-json\/wp\/v2\/users\/4"}],"replies":[{"embeddable":true,"href":"https:\/\/acbiodling.se\/skelleftea\/wp-json\/wp\/v2\/comments?post=44"}],"version-history":[{"count":15,"href":"https:\/\/acbiodling.se\/skelleftea\/wp-json\/wp\/v2\/pages\/44\/revisions"}],"predecessor-version":[{"id":198,"href":"https:\/\/acbiodling.se\/skelleftea\/wp-json\/wp\/v2\/pages\/44\/revisions\/198"}],"wp:attachment":[{"href":"https:\/\/acbiodling.se\/skelleftea\/wp-json\/wp\/v2\/media?parent=44"}],"curies":[{"name":"wp","href":"https:\/\/api.w.org\/{rel}","templated":true}]}}